*g = -10. Suppose -2*z - 4*o - 277 = -1707, -3*z - g*o = -2157. What are the prime factors of z?
7, 103
Let r be -4 - (3 + -213)/(-5). Let n = r + 50. List the prime factors of 77 + -2 + n + -2.
7, 11
Let n(o) = -23*o - 42. Let t be n(-5). Suppose 1286 + t = 9*c. List the prime factors of c.
151
Let x = 156 - 154. Suppose x*s = 8*s - 672. List the prime factors of s.
2, 7
Let p = -5903 + 11174. List the prime factors of p.
3, 7, 251
Suppose 0 = 5*h + 363 - 378. Suppose 2*k + 7315 = 5*q + 7*k, h*k + 5852 = 4*q. List the prime factors of q.
7, 11, 19
Suppose 30734 = 21*v - 114712. What are the prime factors of v?
2, 3463
Let v(s) = 3*s - 19. Let q be v(12). Let x(j) = -j**3 + 17*j**2 + 28*j + 3. What are the prime factors of x(q)?
479
Suppose 5*s = 3*j - 3338, 2*j + 2*s + 1111 = 3*j. Let a = -216 + j. Suppose 0 = -3*b - 2*b + a. What are the prime factors of b?
181
Suppose 3*g - 11221 = -f + 2076, 4*f + 5*g = 53195. What are the prime factors of f?
2, 5, 7, 19
Let o(u) = -2*u + 10. Let t be o(15). Let d(g) = -g**2 - 34*g + 14. What are the prime factors of d(t)?
2, 3, 7
Let o = -237 + 93. Let j = -76 - o. Let n = j + 92. List the prime factors of n.
2, 5
Let w(q) = q**3 + 39*q**2 - 22*q - 110. List the prime factors of w(-25).
2, 5, 919
Suppose 7*g + 3101 = 343. Let s = g - -396. What are the prime factors of s?
2
Let h(m) = m**3 + 12*m**2 + 6*m + 16. Suppose -8 = l - 3*y + 7*y, -24 = 3*l + y. What are the prime factors of h(l)?
2, 7
Suppose -5*x + 2*g = -37835, -5*x + 6*x - 5*g - 7544 = 0. List the prime factors of x.
3, 29
Suppose 65 = 5*z + 5*t, -28*z - 4*t = -25*z - 43. List the prime factors of ((-41025)/(-5))/5 - z.
2, 3, 17
What are the prime factors of -4912*(-1 - 42/56)?
2, 7, 307
Let x = -184 - -184. Suppose 0 = 3*h - x*h - 351. What are the prime factors of h?
3, 13
Suppose -116 = 4*g - 128. Suppose -g*s + 585 = -1257. What are the prime factors of s?
2, 307
Suppose 6237 = 16*h - 7*h. Suppose 4*v + 5*v - h = 0. What are the prime factors of v?
7, 11
Suppose g - 283768 - 65343 = -6*g. List the prime factors of g.
53, 941
Let m(l) = l**2 + 20. Suppose -4 = 4*p - 0. Let r be (0/(-1) + 0)/p. What are the prime factors of m(r)?
2, 5
Let y(l) = 2*l - 37. Let m be 320/(-24)*12/(-10). Let i be y(m). List the prime factors of (-30)/i - (-1 - 3).
2, 5
Suppose 5*l = -4*b + 8, 5*l + 4 = b + b. Suppose 0 = -3*y + 132 + 936. Suppose i + l*z = -3*z + 97, 3*i - y = 4*z. List the prime factors of i.
2, 7
Suppose -5*r + 110*l = 106*l - 74726, -74672 = -5*r - 2*l. What are the prime factors of r?
2, 7, 11, 97
Let z be ((-6)/4 + 1)*(21 - 33). Let a be (-1)/z + (-28280)/(-48). Suppose 1524 = 5*f + a. List the prime factors of f.
11, 17
Let m = -278 + 285. Suppose -m*k + 3941 + 28 = 0. What are the prime factors of k?
3, 7
Let a(f) = -253*f - 582. Let g(d) = -85*d - 194. Let m(w) = 6*a(w) - 17*g(w). List the prime factors of m(-12).
2, 11, 31
Let n(p) = 1638*p**2 + 268*p - 2. List the prime factors of n(-3).
2, 13, 67
Let w = 10450 - 6812. List the prime factors of w.
2, 17, 107
Let y(s) = -2490*s - 7105. What are the prime factors of y(-24)?
5, 10531
Let q(l) = -l + 1. Let b(r) = 49*r. Let s(o) = -b(o) - 28*q(o). Let g be s(-10). Let k = g + -93. What are the prime factors of k?
89
Let r be (39/26)/((-9)/(-30)). Let s(c) = 15*c**2 + 4*c + 9. What are the prime factors of s(r)?
2, 101
Suppose -4*x + 0 - 1 = z, -3*z + 2*x + 67 = 0. Suppose 16*q + 39 = z*q. Suppose 0 = -12*f + q*f - 33. List the prime factors of f.
3, 11
Let o = 24156 + -15997. What are the prime factors of o?
41, 199
Let z = -109381 + 195443. List the prime factors of z.
2, 37, 1163
Let k = 343 - 295. Suppose -5*d - k*d + 47753 = 0. List the prime factors of d.
17, 53
Let l(k) = -2 - 98*k + 12 - 233 - 40. What are the prime factors of l(-13)?
3, 337
Suppose 102*w + 165*w = 9109506. List the prime factors of w.
2, 7, 2437
Suppose 2*w + s - 78149 = 0, 0 = w - 4*s - 8536 - 30579. List the prime factors of w.
39079
Suppose j + 5*u = 3, -2*u = -5*j + j - 10. Let x be (12/6)/(j - (-711)/354). Let o = x + -137. What are the prime factors of o?
3, 11
Let i(w) be the second derivative of 2*w - 2/3*w**4 - 1/20*w**5 + 3 + 12*w**2 + 1/6*w**3. List the prime factors of i(-10).
2, 107
Suppose 7*f - 9708 = 13721. Suppose -5*b + f - 27 = 0. List the prime factors of b.
2, 83
Suppose 5*z = -5*g - 4065, 4*z - 14*g + 3243 = -9*g. Let l be 3*(z/(-20) + (-6)/(-15)). Suppose 2*c + w = l, 32 = 3*c - 4*w - 136. List the prime factors of c.
2, 3, 5
Suppose -13*p - 50*p + 930884 + 1805836 = 0. What are the prime factors of p?
2, 3, 5, 181
Let y(r) be the first derivative of -9*r**2 + 3*r + 3 + 7*r - 5*r. List the prime factors of y(-5).
5, 19
Suppose -3*i = -4*h - 16357, -4*i - 3*h - 6747 = -28573. What are the prime factors of i?
5, 1091
Suppose 0 = -19*f + 44 + 184. Suppose -f - 3 = 3*a, -4*z - a = -1875. What are the prime factors of z?
2, 5, 47
Let g = -27 + 45. Suppose 8*p - g*p = -1230. List the prime factors of p.
3, 41
Let i = 29 + -25. Let h(d) = 3*d - 8. Let g be h(i). Suppose 7*r = -2*u + 4*r + 149, 0 = -4*u + g*r + 268. What are the prime factors of u?
2, 5, 7
Suppose -5*d + 11 = -5*r + 3*r, -5*r + 4 = -2*d. Let t(j) = -4 + 93*j + 4 - 5 + r. List the prime factors of t(1).
2, 3, 5
Suppose 0 = -21*l + 172223 + 205872 + 282313. What are the prime factors of l?
2, 3931
Let g(z) = -558*z - 12. Let j be g(-9). Suppose j = -9*d - 7104. List the prime factors of d/(-7) - 10/35.
2, 3
Let n = -19 + 22. Let u(t) be the first derivative of 2*t**3 - t**2 + 4*t - 2. What are the prime factors of u(n)?
2, 13
Let u = 18356 + -12526. What are the prime factors of u?
2, 5, 11, 53
List the prime factors of (36/(-14))/((-6)/266*1).
2, 3, 19
Let k(p) = 931*p**3 + 8*p**2 + p + 8. What are the prime factors of k(4)?
2, 3, 7, 79
Suppose 147*a = -107*a + 1428496. List the prime factors of a.
2, 19, 37
Let s(z) = -6 + z + 2 + 1 - 7 + z**2. Let o be s(-7). List the prime factors of ((-328)/o)/(2/(-16)).
2, 41
Suppose -34*a = -30*a - 8. Suppose 1350 = 2*i + 4*s, -2*i = -2*s - a*s - 1382. Suppose 3*w + 4*q = i, 4*q - q = -w + 236. What are the prime factors of w?
13, 17
Let x(l) = 2*l**3 - 10*l**2 - 13*l - 100. List the prime factors of x(14).
2, 3, 541
Let b(u) = -u**3 - 13*u**2 + 14*u - 16. Let d be b(-14). Let h = 19 + d. Suppose -80 = -8*o + h*o. List the prime factors of o.
2
Let z(g) = -1715*g - 335. List the prime factors of z(-17).
2, 5, 11, 131
Let x be 1 + -4 - (4 + 61). Let j = 57 - x. What are the prime factors of j?
5
Let k = 2609 + -2537. What are the prime factors of k?
2, 3
Suppose -197*h = -110*h - 1205211. What are the prime factors of h?
7, 1979
Let p be 5*-2*1/4*54. Let k = 8 + p. Let q = k - -270. What are the prime factors of q?
11, 13
Suppose 2*m - 7*y = -6*y + 64, 5*y = 0. Suppose 27 = c - 1. Suppose c + m = 4*t. List the prime factors of t.
3, 5
Suppose 0 = 5*y + 5*i, -y + 3*i + 9 = i. Suppose -2*h + 81 + 24 = -5*o, -o = y. What are the prime factors of (-952)/(-60) - (-6)/h?
2
Let x(q) = 130*q**2 + 9*q - 10. Let b be x(3). Let t = b - 692. Let j = 734 - t. List the prime factors of j.
239
Suppose 3*u = 4 + 5. Suppose -281 - 52 = -u*n. Let l = n - 53. What are the prime factors of l?
2, 29
Suppose -6*t + 208396 = 71878. What are the prime factors of t?
61, 373
Let t(s) = s**3 - 32*s**2 - 77*s - 384. List the prime factors of t(40).
2, 3, 389
Let b(k) = -k**2 + 6*k + 7. Suppose -4*m + 5*x = -6*m - 13, m - 2*x - 16 = 0. Let a be b(m). List the prime factors of 2/a - (-14807)/91.
163
Let n = -137 + 137. Suppose d - 4*w - 212 = n, -6*d + d = -2*w - 1042. What are the prime factors of d?
2, 13
Let m be (-18260)/(-14) - (-17)/((-714)/12). Suppose -m + 324 = -20*j. List the prime factors of j.
7
Let i(v) = -17*v**2 + 25*v + 40. Let b be i(-5). Let k = b + 1201. What are the prime factors of k?
691
Let n(f) = -8*f + 26. Let r be n(10). Let h be 428/(-20) - (-3)/(-5). Let b = h - r. What are the prime factors of b?
2
Suppose 4*s = 4*y + 6500, -39*y + 38*y - 6500 = -4*s. Let o = s + -1146. What are the prime factors of o?
479
Let z(u) = -58*u + 10. Let f be z(-9). Suppose -63 + f = 7*y. Suppose -3*t = 15, 0*t - 3*t = -4*c + y. What are the prime factors of c?
13
Let c = 6632 - 5181. What are the prime factors of